{"id":35,"date":"2023-07-11T09:14:49","date_gmt":"2023-07-11T09:14:49","guid":{"rendered":"https:\/\/huge-humayon-ae29g.zipwp.link\/?page_id=35"},"modified":"2024-03-15T16:15:45","modified_gmt":"2024-03-15T16:15:45","slug":"offerings","status":"publish","type":"page","link":"https:\/\/chauffage-moreau.be\/home\/offerings\/","title":{"rendered":"Offerings"},"content":{"rendered":"\n<div class=\"wp-block-uagb-container uag-blocks-common-selector uagb-block-7024acc2 alignfull uagb-is-root-container\"><div class=\"uagb-container-inner-blocks-wrap\">\n<div class=\"wp-block-uagb-advanced-heading uagb-block-d3471cec\"><h6 class=\"uagb-heading-text\">Offres<\/h6><\/div>\n\n\n\n<div class=\"wp-block-uagb-advanced-heading uagb-block-5f060e33\"><h1 class=\"uagb-heading-text\">Solutions de Chauffage Haut de Gamme<\/h1><\/div>\n<\/div><\/div>\n\n\n\n<div class=\"wp-block-uagb-container uagb-block-7449c9bf alignfull uagb-is-root-container\"><div class=\"uagb-container-inner-blocks-wrap\">\n<div class=\"wp-block-uagb-container uag-blocks-common-selector uagb-block-9691aa49\">\n<div class=\"wp-block-uagb-container uagb-block-6534afd1\">\n<div class=\"wp-block-uagb-advanced-heading uagb-block-eb515fbe\"><h6 class=\"uagb-heading-text\">01<\/h6><\/div>\n\n\n\n<div class=\"wp-block-uagb-advanced-heading uagb-block-c02c3d27\"><h3 class=\"uagb-heading-text\">Chauffage Traditionnel<\/h3><p class=\"uagb-desc-text\">D\u00e9couvrez notre expertise dans l&rsquo;installation et l&rsquo;entretien de syst\u00e8mes de chauffage traditionnels pour un confort optimal chez vous.<\/p><\/div>\n<\/div>\n\n\n\n<div class=\"wp-block-uagb-container uagb-block-db1ec64a\"><\/div>\n<\/div>\n\n\n\n<div class=\"wp-block-uagb-container uagb-block-947592b1 alignfull uagb-is-root-container\"><div class=\"uagb-container-inner-blocks-wrap\">\n<div class=\"wp-block-uagb-container uagb-block-5e41bb9d\"><\/div>\n\n\n\n<div class=\"wp-block-uagb-container uagb-block-9a73b9d6\">\n<div class=\"wp-block-uagb-advanced-heading uagb-block-59f3cfb7\"><h6 class=\"uagb-heading-text\">02<\/h6><\/div>\n\n\n\n<div class=\"wp-block-uagb-advanced-heading uagb-block-d3826476\"><h3 class=\"uagb-heading-text\">Pompes \u00e0 Chaleur<\/h3><p class=\"uagb-desc-text\">Optez pour des solutions \u00e9cologiques et \u00e9conomiques avec nos pompes \u00e0 chaleur, assurant un chauffage efficace tout en pr\u00e9servant l&rsquo;environnement.<\/p><\/div>\n<\/div>\n<\/div><\/div>\n\n\n\n<div class=\"wp-block-uagb-container uagb-block-706afc9c alignfull uagb-is-root-container\"><div class=\"uagb-container-inner-blocks-wrap\">\n<div class=\"wp-block-uagb-container uagb-block-deffd17f\">\n<div class=\"wp-block-uagb-advanced-heading uagb-block-df8bf6ef\"><h6 class=\"uagb-heading-text\">03<\/h6><\/div>\n\n\n\n<div class=\"wp-block-uagb-advanced-heading uagb-block-9844709a\"><h3 class=\"uagb-heading-text\">Plomberie Professionnelle<\/h3><p class=\"uagb-desc-text\">Profitez de nos services de plomberie haut de gamme pour la r\u00e9novation de salles de bains, l&rsquo;installation de nouvelles canalisations et la r\u00e9solution des probl\u00e8mes de plomberie courants.<\/p><\/div>\n<\/div>\n\n\n\n<div class=\"wp-block-uagb-container uagb-block-482c24a8\"><\/div>\n<\/div><\/div>\n\n\n\n<div class=\"wp-block-uagb-container uagb-block-56cadc50\">\n<div class=\"wp-block-uagb-container uagb-block-4a879afa\">\n<div class=\"wp-block-columns has-ast-global-color-5-background-color has-background is-layout-flex wp-container-core-columns-is-layout-28f84493 wp-block-columns-is-layout-flex\">\n<div class=\"wp-block-column is-vertically-aligned-stretch is-layout-flow wp-container-core-column-is-layout-a77db08e wp-block-column-is-layout-flow\" style=\"flex-basis:610px\">\n<figure data-wp-context=\"{&quot;imageId&quot;:&quot;69f742fa65a50&quot;}\" data-wp-interactive=\"core\/image\" data-wp-key=\"69f742fa65a50\" class=\"wp-block-image alignwide size-large wp-lightbox-container\"><img fetchpriority=\"high\" decoding=\"async\" width=\"1024\" height=\"724\" data-wp-class--hide=\"state.isContentHidden\" data-wp-class--show=\"state.isContentVisible\" data-wp-init=\"callbacks.setButtonStyles\" data-wp-on--click=\"actions.showLightbox\" data-wp-on--load=\"callbacks.setButtonStyles\" data-wp-on-window--resize=\"callbacks.setButtonStyles\" src=\"https:\/\/chauffage-moreau.be\/wp-content\/uploads\/2024\/03\/Pack-horizontal-1024x724.jpg\" alt=\"\" class=\"wp-image-613\" srcset=\"https:\/\/chauffage-moreau.be\/wp-content\/uploads\/2024\/03\/Pack-horizontal-1024x724.jpg 1024w, https:\/\/chauffage-moreau.be\/wp-content\/uploads\/2024\/03\/Pack-horizontal-300x212.jpg 300w, https:\/\/chauffage-moreau.be\/wp-content\/uploads\/2024\/03\/Pack-horizontal-768x543.jpg 768w, https:\/\/chauffage-moreau.be\/wp-content\/uploads\/2024\/03\/Pack-horizontal-1536x1086.jpg 1536w, https:\/\/chauffage-moreau.be\/wp-content\/uploads\/2024\/03\/Pack-horizontal.jpg 2000w\" sizes=\"(max-width: 1024px) 100vw, 1024px\" \/><button\n\t\t\tclass=\"lightbox-trigger\"\n\t\t\ttype=\"button\"\n\t\t\taria-haspopup=\"dialog\"\n\t\t\taria-label=\"Enlarge\"\n\t\t\tdata-wp-init=\"callbacks.initTriggerButton\"\n\t\t\tdata-wp-on--click=\"actions.showLightbox\"\n\t\t\tdata-wp-style--right=\"state.imageButtonRight\"\n\t\t\tdata-wp-style--top=\"state.imageButtonTop\"\n\t\t>\n\t\t\t<svg xmlns=\"http:\/\/www.w3.org\/2000\/svg\" width=\"12\" height=\"12\" fill=\"none\" viewBox=\"0 0 12 12\">\n\t\t\t\t<path fill=\"#fff\" d=\"M2 0a2 2 0 0 0-2 2v2h1.5V2a.5.5 0 0 1 .5-.5h2V0H2Zm2 10.5H2a.5.5 0 0 1-.5-.5V8H0v2a2 2 0 0 0 2 2h2v-1.5ZM8 12v-1.5h2a.5.5 0 0 0 .5-.5V8H12v2a2 2 0 0 1-2 2H8Zm2-12a2 2 0 0 1 2 2v2h-1.5V2a.5.5 0 0 0-.5-.5H8V0h2Z\" \/>\n\t\t\t<\/svg>\n\t\t<\/button><\/figure>\n<\/div>\n\n\n\n<div class=\"wp-block-column has-ast-global-color-5-background-color has-background is-layout-flow wp-block-column-is-layout-flow\" style=\"flex-basis:610px\">\n<div class=\"wp-block-uagb-advanced-heading uagb-block-58ffb3ab\"><h2 class=\"uagb-heading-text\"> <\/h2><\/div>\n\n\n\n<div class=\"wp-block-uagb-advanced-heading uagb-block-163513d3\"><h6 class=\"uagb-heading-text\">04<\/h6><\/div>\n\n\n\n<div class=\"wp-block-uagb-advanced-heading uagb-block-d69c14e2\"><h3 class=\"uagb-heading-text\">Achetez un pack complet<\/h3><\/div>\n\n\n\n<div class=\"wp-block-uagb-advanced-heading uagb-block-4466d7a8\"><h6 class=\"uagb-heading-text\"> <\/h6><\/div>\n\n\n\n<div class=\"wp-block-uagb-advanced-heading uagb-block-8461f3df\"><h4 class=\"uagb-heading-text\">Gr\u00e2ce \u00e0 notre kit, effectuez vous-m\u00eame le placement et lorsque vous avez termin\u00e9, un technicien se rend \u00e0 votre domicile afin de v\u00e9rifier votre installation et proc\u00e9der au d\u00e9marrage de celle-ci <\/h4><\/div>\n<\/div>\n<\/div>\n<\/div>\n<\/div>\n\n\n\n<div class=\"wp-block-uagb-container uagb-block-79c3dfae\"><\/div>\n<\/div><\/div>\n\n\n\n<div class=\"wp-block-uagb-container uagb-block-94e5ad93 alignfull uagb-is-root-container\"><div class=\"uagb-container-inner-blocks-wrap\">\n<div class=\"wp-block-uagb-info-box uagb-block-01720b37 uagb-infobox__content-wrap  uagb-infobox-icon-above-title uagb-infobox-image-valign-top\"><div class=\"uagb-ifb-content\"><div class=\"uagb-ifb-icon-wrap\"><svg xmlns=\"https:\/\/www.w3.org\/2000\/svg\" viewBox=\"0 0 448 512\"><path d=\"M96 96C42.98 96 0 138.1 0 192s42.98 96 96 96c11.28 0 21.95-2.305 32-5.879V288c0 35.3-28.7 64-64 64c-17.67 0-32 14.33-32 32s14.33 32 32 32c70.58 0 128-57.42 128-128V192C192 138.1 149 96 96 96zM448 192c0-53.02-42.98-96-96-96s-96 42.98-96 96s42.98 96 96 96c11.28 0 21.95-2.305 32-5.879V288c0 35.3-28.7 64-64 64c-17.67 0-32 14.33-32 32s14.33 32 32 32c70.58 0 128-57.42 128-128V192z\"><\/path><\/svg><\/div><div class=\"uagb-ifb-title-wrap\"><h4 class=\"uagb-ifb-title\">Un service impeccable et des r\u00e9sultats impeccables! Je recommande vivement Chauffage Moreau pour tous vos besoins de chauffage.<\/h4><\/div><\/div><\/div>\n\n\n\n<div class=\"wp-block-uagb-advanced-heading uagb-block-e689f21b\"><h6 class=\"uagb-heading-text\">Sophie Martin<\/h6><\/div>\n<\/div><\/div>\n\n\n\n<div class=\"wp-block-uagb-container uagb-block-0d6e6fa5 alignfull uagb-is-root-container\"><div class=\"uagb-container-inner-blocks-wrap\">\n<div class=\"wp-block-uagb-advanced-heading uagb-block-b6d5ed16\"><h6 class=\"uagb-heading-text\">Pour plus d&rsquo;informations,<\/h6><\/div>\n\n\n\n<div class=\"wp-block-uagb-info-box uagb-block-a3aa2356 uagb-infobox__content-wrap  uagb-infobox-icon-above-title uagb-infobox-image-valign-top\"><div class=\"uagb-ifb-content\"><div class=\"uagb-ifb-title-wrap\"><h2 class=\"uagb-ifb-title\">Contactez-nous d\u00e8s aujourd&rsquo;hui pour des Solutions de Chauffage Premium<\/h2><\/div><div class=\"uagb-ifb-button-wrapper wp-block-button\"><a href=\"\/contact\/\" class=\"uagb-infobox-cta-link wp-block-button__link\" target=\"_self\" rel=\"noopener noreferrer\" onclick=\"return true;\" alt=\"\"><span class=\"uagb-inline-editing\">D\u00e9couvrez plus<\/span><\/a><\/div><\/div><\/div>\n<\/div><\/div>\n","protected":false},"excerpt":{"rendered":"<p>Offres Solutions de Chauffage Haut de Gamme 01 Chauffage Traditionnel D\u00e9couvrez notre expertise dans l&rsquo;installation et l&rsquo;entretien de syst\u00e8mes de chauffage traditionnels pour un confort optimal chez vous. 02 Pompes \u00e0 Chaleur Optez pour des solutions \u00e9cologiques et \u00e9conomiques avec nos pompes \u00e0 chaleur, assurant un chauffage efficace tout en pr\u00e9servant l&rsquo;environnement. 03 Plomberie Professionnelle [&hellip;]<\/p>\n","protected":false},"author":5,"featured_media":0,"parent":0,"menu_order":0,"comment_status":"closed","ping_status":"closed","template":"","meta":{"_uag_custom_page_level_css":"","site-sidebar-layout":"no-sidebar","site-content-layout":"page-builder","ast-site-content-layout":"full-width-container","site-content-style":"unboxed","site-sidebar-style":"unboxed","ast-global-header-display":"","ast-banner-title-visibility":"","ast-main-header-display":"","ast-hfb-above-header-display":"","ast-hfb-below-header-display":"","ast-hfb-mobile-header-display":"","site-post-title":"disabled","ast-breadcrumbs-content":"","ast-featured-img":"","footer-sml-layout":"","ast-disable-related-posts":"","theme-transparent-header-meta":"enabled","adv-header-id-meta":"","stick-header-meta":"","header-above-stick-meta":"","header-main-stick-meta":"","header-below-stick-meta":"","astra-migrate-meta-layouts":"set","ast-page-background-enabled":"default","ast-page-background-meta":{"desktop":{"background-color":"var(--ast-global-color-4)","background-image":"","background-repeat":"repeat","background-position":"center center","background-size":"auto","background-attachment":"scroll","background-type":"","background-media":"","overlay-type":"","overlay-color":"","overlay-opacity":"","overlay-gradient":""},"tablet":{"background-color":"","background-image":"","background-repeat":"repeat","background-position":"center center","background-size":"auto","background-attachment":"scroll","background-type":"","background-media":"","overlay-type":"","overlay-color":"","overlay-opacity":"","overlay-gradient":""},"mobile":{"background-color":"","background-image":"","background-repeat":"repeat","background-position":"center center","background-size":"auto","background-attachment":"scroll","background-type":"","background-media":"","overlay-type":"","overlay-color":"","overlay-opacity":"","overlay-gradient":""}},"ast-content-background-meta":{"desktop":{"background-color":"var(--ast-global-color-5)","background-image":"","background-repeat":"repeat","background-position":"center center","background-size":"auto","background-attachment":"scroll","background-type":"","background-media":"","overlay-type":"","overlay-color":"","overlay-opacity":"","overlay-gradient":""},"tablet":{"background-color":"var(--ast-global-color-5)","background-image":"","background-repeat":"repeat","background-position":"center center","background-size":"auto","background-attachment":"scroll","background-type":"","background-media":"","overlay-type":"","overlay-color":"","overlay-opacity":"","overlay-gradient":""},"mobile":{"background-color":"var(--ast-global-color-5)","background-image":"","background-repeat":"repeat","background-position":"center center","background-size":"auto","background-attachment":"scroll","background-type":"","background-media":"","overlay-type":"","overlay-color":"","overlay-opacity":"","overlay-gradient":""}},"footnotes":""},"class_list":["post-35","page","type-page","status-publish","hentry"],"uagb_featured_image_src":{"full":false,"thumbnail":false,"medium":false,"medium_large":false,"large":false,"1536x1536":false,"2048x2048":false,"wppb-medium":false},"uagb_author_info":{"display_name":"Fam7bQVaIoBP","author_link":"https:\/\/chauffage-moreau.be\/home\/author\/fam7bqvaiobp\/"},"uagb_comment_info":0,"uagb_excerpt":"Offres Solutions de Chauffage Haut de Gamme 01 Chauffage Traditionnel D\u00e9couvrez notre expertise dans l&rsquo;installation et l&rsquo;entretien de syst\u00e8mes de chauffage traditionnels pour un confort optimal chez vous. 02 Pompes \u00e0 Chaleur Optez pour des solutions \u00e9cologiques et \u00e9conomiques avec nos pompes \u00e0 chaleur, assurant un chauffage efficace tout en pr\u00e9servant l&rsquo;environnement. 03 Plomberie Professionnelle&hellip;","_links":{"self":[{"href":"https:\/\/chauffage-moreau.be\/home\/wp-json\/wp\/v2\/pages\/35","targetHints":{"allow":["GET"]}}],"collection":[{"href":"https:\/\/chauffage-moreau.be\/home\/wp-json\/wp\/v2\/pages"}],"about":[{"href":"https:\/\/chauffage-moreau.be\/home\/wp-json\/wp\/v2\/types\/page"}],"author":[{"embeddable":true,"href":"https:\/\/chauffage-moreau.be\/home\/wp-json\/wp\/v2\/users\/5"}],"replies":[{"embeddable":true,"href":"https:\/\/chauffage-moreau.be\/home\/wp-json\/wp\/v2\/comments?post=35"}],"version-history":[{"count":17,"href":"https:\/\/chauffage-moreau.be\/home\/wp-json\/wp\/v2\/pages\/35\/revisions"}],"predecessor-version":[{"id":633,"href":"https:\/\/chauffage-moreau.be\/home\/wp-json\/wp\/v2\/pages\/35\/revisions\/633"}],"wp:attachment":[{"href":"https:\/\/chauffage-moreau.be\/home\/wp-json\/wp\/v2\/media?parent=35"}],"curies":[{"name":"wp","href":"https:\/\/api.w.org\/{rel}","templated":true}]}}